492
In base 3, what is -2 + 121002?
121000
In base 10, what is 12 + -5?
7
In base 3, what is -1110 + 1?
-1102
In base 2, what is 1000100100110 + 11?
1000100101001
In base 16, what is -65 + 2?
-63
In base 6, what is -12 - -13?
1
In base 6, what is -21 + 10?
-11
In base 13, what is -2 + 129?
127
In base 15, what is -12d - b?
-139
In base 8, what is 1 + 21?
22
In base 9, what is -2 - 30?
-32
In base 15, what is 5 + -a?
-5
In base 15, what is 1e7 - 3?
1e4
In base 12, what is -5 + -15?
-1a
In base 15, what is a + 0?
a
In base 6, what is -2433 - -2?
-2431
In base 4, what is -13121133 + 10?
-13121123
In base 9, what is 17 - -7?
25
In base 15, what is 2 + -137?
-135
In base 6, what is 3 - -204?
211
In base 6, what is 141 - 25?
112
In base 6, what is -1234 + -4?
-1242
In base 9, what is -1477 - 3?
-1481
In base 16, what is -a1 - 5?
-a6
In base 7, what is 21 + 455?
506
In base 6, what is -255 + -2?
-301
In base 10, what is -458 + 23?
-435
In base 4, what is -12 - 3223?
-3301
In base 5, what is 30101 - 4?
30042
In base 7, what is -1362 + 5?
-1354
In base 10, what is 279 - -23?
302
In base 9, what is 28 + 3?
32
In base 14, what is 5 - -12b8?
12bd
In base 7, what is 5 + 1305?
1313
In base 4, what is 102 - -13?
121
In base 9, what is 0 - -40?
40
In base 6, what is 41 + 11?
52
In base 12, what is 0 - 27?
-27
In base 10, what is -1 + 107?
106
In base 5, what is 2 - -4033?
4040
In base 9, what is -2 + 263?
261
In base 16, what is 4 - 38?
-34
In base 7, what is 65 - 23?
42
In base 7, what is 2 - 36046?
-36044
In base 9, what is 48 - -125?
174
In base 15, what is -15bb - 3?
-15be
In base 3, what is 22 - -12202?
20001
In base 14, what is 8 + -2?
6
In base 16, what is 1 - -442?
443
In base 7, what is -245 + -11?
-256
In base 10, what is 12 + 25?
37
In base 16, what is -3 - -3e6?
3e3
In base 11, what is 9 - -976?
984
In base 10, what is -5 - -72?
67
In base 15, what is -a4 - 4?
-a8
In base 9, what is 5478 + 3?
5482
In base 10, what is 54 - -2?
56
In base 3, what is -112 - -11101?
10212
In base 6, what is 3 + 41?
44
In base 11, what is -16 - -71?
56
In base 16, what is -52 - 8?
-5a
In base 9, what is 23 + 3?
26
In base 8, what is 2156 + 3?
2161
In base 16, what is b - -be?
c9
In base 5, what is 1443 - 0?
1443
In base 6, what is -2 + -212?
-214
In base 8, what is 5 - 231?
-224
In base 10, what is 1813 - -2?
1815
In base 15, what is -4c2 - -5?
-4bc
In base 5, what is -2 + -424?
-431
In base 6, what is 1544 - -1?
1545
In base 5, what is 14042 - -2?
14044
In base 9, what is 127 + -36?
81
In base 14, what is -a3 - 1?
-a4
In base 16, what is 3e - 2c?
12
In base 7, what is 24 + -5?
16
In base 15, what is 7 + 19e?
1a6
In base 13, what is -10 - 752?
-762
In base 7, what is -123 + -6?
-132
In base 13, what is 4c0 + -4?
4b9
In base 9, what is 3 + -21?
-17
In base 11, what is -10a + 28?
-92
In base 9, what is -7 - -16?
8
In base 16, what is 1 - -3d?
3e
In base 3, what is 2221012 + 100?
2221112
In base 4, what is 12222 - -1?
12223
In base 2, what is -101 + 111?
10
In base 7, what is -5 - 222?
-230
In base 12, what is 5b + 2?
61
In base 5, what is -3 + 2001?
1443
In base 5, what is 101 - -12?
113
In base 9, what is -1285 + -1?
-1286
In base 2, what is 1110000 - 1?
1101111
In base 9, what is 1450 - 3?
1446
In base 16, what is 93 - -f?
a2
In base 12, what is -3 - 1411?
-1414
In base 12, what is -40 - -9?
-33
In base 2, what is -100 - -10010010?
10001110
In base 10, what is -5 - -874?
869
In base 11, what is 48 + 1?
49
In base 6, what is -1310 + 3?
-1303
In base 4, what is 110013 + -11?
110002
In base 9, what is 2 + 43?
45
In base 13, what is 47 - 27?
20
In base 14, what is -67c + 1?
-67b
In base 15, what is -282 + -44?
-2c6
In base 6, what is -33 + 500?
423
In base 8, what is -4456 + 2?
-4454
In base 16, what is 5 + 337?
33c
In base 13, what is -1 - -21?
20
In base 10, what is -4 - -49?
45
In base 11, what is -21 + 4?
-18
In base 11, what is 3250 + 5?
3255
In base 16, what is -3a2 - 2?
-3a4
In base 11, what is -1a4 + -2?
-1a6
In base 10, what is -205 + 1?
-204
In base 13, what is -8 - 5?
-10
In base 8, what is -1 + -25?
-26
In base 4, what is 20 - 302?
-222
In base 13, what is 3 - 33c?
-339
In base 10, what is 482 - -11?
493
In base 11, what is 21 + 259?
27a
In base 9, what is 672 - -5?
677
In base 2, what is 101111100 + 1110?
110001010
In base 9, what is 2552 + -5?
2546
In base 10, what is -4 + 158?
154
In base 4, what is -3 - 1221031?
-1221100
In base 14, what is -2c - -ac?
80
In base 8, what is 2 - -6730?
6732
In base 7, what is -216 + -5?
-224
In base 9, what is -380 - 1?
-381
In base 13, what is 6b - 4?
67
In base 13, what is -15 - -1?
-14
In base 13, what is 4 + -209?
-205
In base 4, what is 10 + -131021?
-131011
In base 10, what is -18137 + 5?
-18132
In base 3, what is -1202200 + -1?
-1202201
In base 10, what is -2262 - 5?
-2267
In base 5, what is -2100 - -203?
-1342
In base 10, what is 426 + 2?
428
In base 9, what is -746 + -1?
-747
In base 6, what is -2124 + 3?
-2121
In base 15, what is 86 - -3?
89
In base 11, what is -2531 + -4?
-2535
In base 8, what is 0 - 61?
-61
In base 6, what is 1223 - -2?
1225
In base 3, what is -121 - 11?
-202
In base 9, what is 1328 + 4?
1333
In base 11, what is a2a - 1?
a29
In base 11, what is -90 - 13?
-a3
In base 14, what is 2b9 + -9?
2b0
In base 14, what is 37 - -2?
39
In base 2, what is 101000 + 10010011?
10111011
In base 11, what is -944 + 2?
-942
In base 15, what is -7 - 83e?
-846
In base 15, what is -52 + -27?
-79
In base 15, what is -1a4c - -5?
-1a47
In base 5, what is 0 - -4043?
4043
In base 5, what is 2 + -14324?
-14322
In base 5, what is 11 + 130?
141
In base 10, what is 47 + -13?
34
In base 4, what is 203202 + 3?
203211
In base 9, what is -4 + 457?
453
In base 10, what is 2 - 19?
-17
In base 3, what is 110220220 + 2?
110220222
In base 14, what is 3 + 1a2?
1a5
In base 7, what is -1054 - 12?
-1066
In base 13, what is -2bc + -28?
-317
In base 5, what is -41 + -34?
-130
In base 14, what is 54db + -1?
54da
In base 8, what is -2 + -205?
-207
In base 8, what is -51 + -56?
-127
In base 4, what is 0 - 332?
-332
In base 13, what is 23 - 0?
23
In base 10, what is 287 + 4?
291
In base 15, what is aa - -12?
bc
In base 12, what is bb - -3?
102
In base 4, what is -11 + -1012?
-1023
In base 16, what is -5 + 1d?
18
In base 2, what is 10111100 + 101?
11000001
In base 13, what is b781 + 2?
b783
In base 5, what is -11304 - 11?
-11320
In base 16, what is 221 - -2?
223
In base 3, what is 110 + 2100?
2210
In base 12, what is 327 - -5?
330
In base 5, what is -1 + -1242?
-1243
In base 13, what is 0 + -10c?
-10c
In base 16, what is -20 - -48?
28
In base 3, what is -122100 - 1102?
-200202
In base 13, what is -5 - -15?
10
In base 2, what is -101 + 1101000001110?
1101000001001
In base 2, what is -1 + -100111100?
-100111101
In base 10, what is 179 + -37?
142
In base 16, what is -a - -43?
39
In base 5, what is -200240 - -2?
-200233
In base 11, what is -2 - -275?
273
In base 13, what is 4 - 12?
-b
In base 10, what is 66 + -1?
65
In base 2, what is -100 + 1000000?
111100
In base 3, what is -102 + -101110?
-101212
In base 11, what is -13 - 246?
-259
In base 4, what is 22 + -200120?
-200032
In base 9, what is -2071 + -5?
-2076
In base 13, what is 31 - -a?
3b
In base 14, what is 82 + -1?
81
In base 4, what is 13 + -1112?
-1033
In base 2, what is -10 + -101000000001?
-101000000011
In base 14, what is -b - -d?
2
In base 16, what is 7 + -7?
0
In base 9, what is 11 + -6?
4
In base 16, what is -3 - ca?
-cd
In base 13, what is 28 - 2?
26
In base 13, what is -2 - 1?
-3
In base 9, what is -5 + 134?
128
In base 2, what is 100010000010 + 1001?
100010001011
In base 5, what is -13 + -4?
-22
In base 14, what is -20 + -28?
-48
In base 11, what is 7 - 21?
-15
In base 15, what is -23 + -62?
-85
In base 3, what is 1 + -221212?
-221211
In base 4, what is -11 - -100?
23
In base 6, what is -3 - -3240?
3233
In base 14, what is 33 + -11?
22
In base 14, what is 106 - -5?
10b
In base 7, what is 35 - -3?
41
In base 13, what is -19 + -11?
-2a
In base 13, what is 4 + 39?
40
In base 16, what is d5 - 4?
d1
In base 15, what is a - 1a2?
-197
In base 6, what is -3 + -524?
-531
In base 5, what is -1 + -21110?
-21111
In base 7, what is 431 - 23?
405
In base 13, what is 3a + 2?
3c
In base 15, what i